1 - (-3 + 6 + 0)) + -4.
4
(-3 - -8) + -8 - (-5 - 0)
2
11 + -1 + 13 + (-14 - 2)
7
(12 + 3 - 25) + (2 - -6)
-2
Evaluate -2 + (11 - -1) - (0 - -4).
6
(-1 - (0 + 2)) + (9 - 2)
4
Evaluate -4 + 5 + 4 + 0.
5
Calculate 0 + 10 - (2 + -4 + 8).
4
What is (1 - 0) + (3 - 1)?
3
What is the value of 0 - (-2 + -1 + 6)?
-3
What is the value of 9 + -9 + 4 - (0 - -2)?
2
What is 2 - 11 - (-57 + 51)?
-3
What is the value of 1 - ((1 - 8) + 5 + -4)?
7
What is 4 - (2 - (4 + (1 - 6)))?
1
Evaluate 10 - (7 + (2 - 1)).
2
What is 2 + (11 - 0) + -7?
6
2 + 0 + -4 + -3
-5
What is the value of 3 - -7 - 5 - 1 - 6?
-2
Calculate 0 + -8 + 4 + -1.
-5
Calculate 1 + (2 - (-2 - -4)).
1
Evaluate (2 - (3 + -1)) + 1.
1
What is the value of 2 - -2 - (-11 - (-5 + -4))?
6
Evaluate -3 + 0 + -1 - (-9 + 11).
-6
-1 - (-7 + 7 - 0) - 2
-3
Evaluate -8 + -1 + 7 + -4 + 2.
-4
Evaluate -3 + 1 + 1 - 4.
-5
What is the value of 1 - 0 - (2 + 4 - 6)?
1
What is the value of 2 - (3 - 0) - 3?
-4
1 - (-9 + 14 - (1 - -6))
3
What is the value of 1 + (1 - -2) + (-22 - -17)?
-1
Evaluate (11 - (16 - 8)) + -10.
-7
What is the value of 0 - (7 + -2 + -1)?
-4
What is the value of 7 + -15 - (5 - 6)?
-7
Evaluate -1 + -2 - (-1 + 2).
-4
Calculate -6 + -10 + 7 - -3.
-6
What is 1 + (-6 + 4 - 5)?
-6
What is 0 + 2 + (-10 + 6 - 1)?
-3
Calculate 2 - (-1 - (1 + -2)) - -1.
3
Evaluate 15 + -19 + (3 - (-2 + 1)).
0
Evaluate 7 + (-6 - (-2 - 2)).
5
What is -8 - ((1 - 5) + -4)?
0
Evaluate -3 + (-8 + 3 + 5 - 1).
-4
What is -1 + (-2 + -2 - -9) + -1?
3
What is the value of (5 - 2) + -9 + 0 - -1?
-5
What is (10 - 6) + 11 + -7?
8
What is the value of (5 - (-5 + 3)) + -3?
4
What is -4 + -2 - -8 - (-6 - 2)?
10
Calculate (11 - 8) + (-6 - -1) + -1.
-3
Calculate -10 - -14 - (-1 - -3) - 5.
-3
Evaluate 0 - (14 - 17) - 10.
-7
What is (8 - 12) + (1 + 0 - -1)?
-2
Evaluate 17 - ((-3 - -2) + 9).
9
Evaluate -5 - (-9 - -4 - -2).
-2
-3 - (0 + 5 - 5)
-3
Calculate -1 + (1 - (1 - 1)).
0
What is 11 + -13 - (0 + 0)?
-2
What is the value of -3 - (2 + (-1 - -1))?
-5
Calculate (-4 - -5) + 3 + -1 + -3.
0
Evaluate -5 - (0 + (-2 - 0)) - -5.
2
Evaluate (-5 + -2 - (5 + -11)) + 3.
2
4 - 8 - (0 - 0)
-4
-7 + -10 + 10 + -4 + 10
-1
Evaluate 7 + (-6 - -4) + -1.
4
Calculate (9 + -4 - 15) + 7.
-3
Calculate 9 - (-3 + -4 + (15 - 4)).
5
Calculate (0 - -1) + (3 - (3 - 0)).
1
-7 + 10 - 17 - -7
-7
What is 0 - (2 - -1) - 0?
-3
What is (-16 - -13) + (-4 - -13)?
6
What is the value of (-1 - (2 - 5)) + -6?
-4
Calculate 109 - 119 - (-13 + -1).
4
(14 + -9 - -4) + (-3 - 1)
5
3 + (-12 - (-6 - 7))
4
What is 4 + -12 - (-1 - -1 - 3)?
-5
Calculate 6 + 4 + 0 + -8.
2
What is the value of -7 - -5 - (0 + -3 - 2)?
3
Evaluate (-8 - (-2 - 5)) + 5.
4
Evaluate -1 + 0 + 1 + 2.
2
What is the value of -4 + (2 - (2 - 2))?
-2
What is the value of 6 + -3 + 8 + -9?
2
What is the value of (-4 - -1) + -2 + 1?
-4
Evaluate (-1 - (17 + -8)) + 8.
-2
What is the value of 7 + (-4 + 9 - 11)?
1
4 + (-5 - 5) + (5 - -1)
0
Calculate 0 + -6 - (-8 - -5) - -2.
-1
-5 + (11 - -4) + -5
5
What is -1 + -1 - ((-6 - -3) + 7)?
-6
Calculate 1 + -11 + (2 - -5).
-3
Evaluate (0 - 1 - -2) + (-23 - -26).
4
Calculate 0 - (-3 + 3 - (-2 + 1)).
-1
What is (5 - 5 - 0) + -5 + 2?
-3
Evaluate (-9 - (-1 + -3)) + (-15 - -22).
2
What is (-9 - -2) + -1 - -3?
-5
Calculate (2 - 1 - (35 + -34)) + -5.
-5
What is the value of -3 + 8 - (8 + -8)?
5
What is 4 - (-2 - (-2 + (4 - 8)))?
0
What is 0 - -2 - (0 - 4) - 5?
1
Evaluate 5 + (0 - (6 + (-4 - -6))).
-3
-3 - (-4 - (-9 - -3))
-5
(22 - 18) + -13 + 6 + -2
-5
What is 2 - (1 - (0 + (3 - 1)))?
3
Evaluate -1 + (11 - (18 - 7)).
-1
Calculate (-1 - 7) + 2 + 3.
-3
What is (7 + -9 - (3 - 1)) + 3?
-1
(11 - (1 - (-8 - -4))) + -4
2
Evaluate -3 - -2 - (10 - 14) - 2.
1
-2 - (-5 - -6) - -9
6
Evaluate -9 - 2 - -5 - -1.
-5
Evaluate -4 - ((7 - 9) + (-8 - -2)).
4
What is 9 + 9 + -22 + -2 + 6?
0
Calculate 19 + -8 + (-2 - (-5 - -6)).
8
(4 - 2) + 4 + -7
-1
What is -7 - (8 + (1 - 14))?
-2
-3 - -6 - (8 + 0) - -6
1
What is the value of 3 + (-2 - -1) + 0 - 4?
-2
Calculate 6 - (1 + -1 - 2).
8
(2 - ((-2 - 1) + 1)) + -4
0
(223 - 213) + (-5 - -1)
6
Evaluate (70 - 71) + (-1 - (0 + 1)).
-3
What is the value of -10 - (-2 + 9 + -14 + 5)?
-8
What is the value of 8 - 4 - 4 - (0 - 3)?
3
Calculate 18 + -22 + 10 + -1 + -2.
3
Calculate (10 + -1 - 5) + -8.
-4
What is -13 - ((7 - 12) + -5)?
-3
-15 + 7 + 21 + -19
-6
What is the value of -6 + (-1 + -1 - -3)?
-5
What is 2 + -9 - (-31 + 23)?
1
3 + -1 - (-120 + 120)
2
What is 0 - 2 - (12 + -12) - -4?
2
What is the value of 5 + -9 + -5 + 4 + 4?
-1
-5 + -1 + 4 + (7 - -1)
6
What is -2 - ((-1 - 1) + -5)?
5
Calculate 1 + 2 + 0 + -3.
0
Evaluate -10 - (-22 + (-3 - -11)).
4
Calculate (-32 - -14) + 0 + 11.
-7
What is the value of (2 - 2 - (-4 - 0)) + -3?
1
What is the value of -5 + (4 - 2 - 1)?
-4
Evaluate (1 - 2 - 3) + 6.
2
-2 - 2 - (-4 - (0 - 2))
-2
What is 2 - (2 - (-1 + 8 + -4))?
3
What is the value of -4 + (11 - 1) + -1?
5
What is the value of (-35 - -11) + 11 + 6 + -1?
-8
What is 3 - (7 - (2 - 3))?
-5
Calculate 2 - (5 + -7) - (0 + 2).
2
3 + 3 + (-5 + 0 - -4)
5
Calculate (-2 - 1) + 2 - (-11 - -11).
-1
Evaluate -2 + (17 - (-9 + 18)).
6
What is (-1 - 3) + (1 - -2)?
-1
Calculate 8 + -10 + 3 + 0.
1
What is -7 - (0 + -1) - (278 + -291)?
7
What is -3 - (-5 + 0 + -2 + 4)?
0
What is -5 + 2 + 4 + (4 - 2)?
3
Evaluate -1 - (6 - 0) - (-4 + -3).
0
Evaluate 9 + (-6 - -1) - 1.
3
4 + (-1 - 10) - -5
-2
Calculate (1 - -8) + -9 + (-1 - -7).
6
-1 + (13 - (5 + 2))
5
0 + 3 + (8 - (4 + 9))
-2
What is -9 - -15 - (-1 + 9)?
-2
What is -1 + 2 + (-11 - -9)?
-1
What is the value of 0 + 1 + -1 + 17 + -13?
4
(4 - 2) + (0 - -1) + -5
-2
2 - (0 - (-2 + 2))
2
What is (-2 - -3) + (1 - 1) + -2?
-1
8 - 14 - (-8 + 2 + 1)
-1
Evaluate (2 + -1 - (8 - 7)) + -2.
-2
Evaluate -1 - 0 - (-2 + (0 - -1)).
0
What is 2 - 0 - (-1 + 4 + -4)?
3
What is -1 + 2 + (6 - 6)?
1
What is the value of -21 - -18 - (1 - 4)?
0
What is (-8 - 1) + 4 + (-2 - -2)?
-5
What is the value of -6 - ((-3 - -3) + -9 - -5)?
-2
-5 - (2 - 5 - 1)
-1
What is (2 + 3 + -3 - 8) + 2?
-4
Evaluate (-20 + 7 - -7) + 12.
6
2 + 6 + -5 + (-3 - 1)
-1
Calculate 0 - -12 - 6 - -1.
7
Calculate 3 + -2 + 0 + 3.
4
2 - 6 - (-6 + 8 + -6)
0
Calculate -4 - (2 - (4 - (-1 + 1))).
-2
What is the value of -12 + 12 + (3 - 11)?
-8
6 - 1 - 10 - -1
-4
What is the value of 4 + -7 + 5 - 6?
-4
What is -10 + (23 - 9 - (1 + 7))?
-4
Evaluate (0 - (-15 - -4)) + -7.
4
Calculate 1 + (0 - -5 - (17 + -5)).
-6
What is -1 - (2 - 5 - -9)?
-7
1 - -2 - 1 - 4 - 0
-2
Calculate 2 + (15 - 7 - 6).
4
Evaluate 11 + -9 + (0 - 1).
1
Calculate -4 + (-1 - (-5 + 1 + 3)).
-4
Evaluate 5 - (-2 - (3 - 5)) - 3.
2
-1 - (-1 + -4 + 2) - -3
5
Calculate 6 + 0 + (-16 - (-7 + -8)).
5
(2 - 4 - (3 - 8)) + 3
6
What is the value of 1 - 2 - (-7 + 5)?
1
What is the value of 3 + 2 + -13 - -14?
6
Evaluate -2 + -2 - ((8 - 16) + 4).
0
Calculate 1 + (-9 - -12 - 0).
4
What is the value of 3 - (-5 + -1 + 2 - -5)?
2
(2 - 2) + (-3 - 0) + 2
-1
2 + 1 + (7 - 10)
0
4 + (-6 - -3) + 3
4
-2 - (4 + -5) - 0
-1
What is (7 - ((3 - 8) + 16)) + 7?
3
What is the value of -4 + (10 + -5 - 5) + 2?
-2
Calculate (4 - (-3 - -10)) + 1.
-2
-5 + 8 + -4 + 8
7
Calculate (0 - -1) + -13 + 8.
-4
-8 - -7 - (1 - -2)
-4
What is 4 + -2 + (-6 - -9)?
5
Calculate (0 - 0 - 1) + 23 + -26.
-4
Calculate (-3 - -2) + 5 + -13 + 12.
3
Calculate (1 - 8) + 9 - (1 - 2).
3
(-8 - -12) + (-4 - 0) + -6
-6
Calculate -3 - (1 + -7) - (-3 + 1).
5
What is -14 + (-4 - -16) - -10?
8
-10 - ((-1 - 1) + 0) - -4
-4
-4 + 9 - (30 - 34)
9
5 + -5 - 1 - 0
-1
Evaluate (-4 - -5) + (1 - 2).
0
Calculate -3 - (0 - 0 - (-3 + 7)).
1
What is -5 - (-2 + (0 + -3 - 6))?
6
What is 3 + (-6 - -6) - 6 - -5?
2
What is 0 + 2 + -3 + -6 + 2?
-5
What is -1 + 4 - (0 - (14 - 15))?
2
-1 + (7 - (12 + -4)) - 4
-6
What is -5 - -5 - (-1 - -5)?
-4
Calculate (-7 - -6) + (-1 - 0) + -1.
-3
What is the value of 9 + 13 + -31 - -13?
4
What is the value of 3 + -2 + 5 - 1?
5
What is 14 + (7 - (-13 + 33))?
1
Calculate -12 + 2 + 5 + 7.
2
What is the value of -3 + 8 + -1 + -4 + 3?
3
Calculate (15 - 7 - 13) + 3.
-2
Calculate -2 + (0 - (14 - 8)).
-8
Evaluate 1 + -2 + (5 - 8).
-4
(-3 - ((3 - 1) + -3)) + 0
-2
Evaluate (-7 - -4) + -3 + 2.
-4
2 + (3 - (3 - 2)) - -1
5
Evaluate 35 + -51 + 4 + 2 + 1.
-9
What is the value of (-6 - 0) + (-10 - -17)?
1
What is the value of -3 + -2 + 2 